176895?
False
Is 11 a factor of 18070185?
False
Is 15 a factor of 908699052?
False
Is 255097156 a multiple of 3001?
False
Is 1023931665 a multiple of 15?
True
Does 196 divide 55076?
True
Does 23 divide 111373733?
False
Does 6 divide 12103206?
True
Is 922 a factor of 20858117?
False
Is 52841908 a multiple of 28?
True
Is 2227 a factor of 94906332?
False
Is 140024656 a multiple of 376?
True
Is 378 a factor of 684582469?
False
Is 1199432 a multiple of 52?
True
Is 17399650 a multiple of 8?
False
Does 8 divide 128618376?
True
Does 67 divide 1182010829?
False
Does 17 divide 76081579?
True
Is 40405022 a multiple of 238?
True
Does 340 divide 159232682?
False
Is 6687 a factor of 662501151?
True
Does 20 divide 159374065?
False
Does 476 divide 1692624037?
False
Does 11 divide 449658066?
True
Is 75916886 a multiple of 706?
True
Does 29 divide 1211795276?
True
Is 113 a factor of 169456043?
True
Does 1738 divide 97032540?
True
Is 42 a factor of 289636914?
True
Is 2646 a factor of 2431111284?
False
Does 6 divide 95167786?
False
Does 192 divide 88834396?
False
Is 86 a factor of 20141114?
True
Is 5636729 a multiple of 17?
False
Is 1419 a factor of 17104626?
True
Is 3733168344 a multiple of 2292?
True
Is 10023632 a multiple of 4971?
False
Does 36 divide 125909102?
False
Does 187 divide 803944042?
True
Does 2544 divide 194544768?
True
Is 21219472 a multiple of 1064?
False
Does 578 divide 707318511?
False
Is 47 a factor of 102530139?
False
Is 164 a factor of 5103387548?
False
Does 12 divide 1327463368?
False
Is 153543472 a multiple of 87?
False
Is 4 a factor of 78653732?
True
Is 20 a factor of 51330560?
True
Is 95 a factor of 303164665?
True
Is 121113516 a multiple of 627?
False
Is 165357783 a multiple of 6?
False
Does 192 divide 84532032?
True
Is 1880 a factor of 29390815?
False
Is 17 a factor of 28388453?
True
Is 141785448 a multiple of 43?
True
Is 105 a factor of 97966029?
False
Is 164 a factor of 46320772?
False
Does 243 divide 81890466?
False
Is 234544688 a multiple of 10?
False
Is 550091477 a multiple of 8759?
True
Does 140 divide 380560180?
True
Is 439406899 a multiple of 7968?
False
Is 1100 a factor of 92223599?
False
Is 226 a factor of 37424922?
True
Is 4 a factor of 53063512?
True
Is 611175 a multiple of 83?
False
Is 275 a factor of 72657399?
False
Does 70 divide 156807832?
False
Is 3524383 a multiple of 2?
False
Does 12 divide 8399675?
False
Is 12476 a factor of 1844838596?
True
Is 11 a factor of 1305621950?
False
Is 73769873 a multiple of 25?
False
Is 12 a factor of 1782216?
True
Is 379 a factor of 372555215?
False
Is 80042982 a multiple of 196?
False
Does 159 divide 613014128?
False
Does 83 divide 874832?
False
Is 29 a factor of 8886923?
False
Is 299046536 a multiple of 53?
False
Is 279 a factor of 2459943?
True
Does 18 divide 1661969848?
False
Does 190 divide 11795390?
True
Is 20 a factor of 737859580?
True
Is 884935680 a multiple of 85?
True
Is 31 a factor of 14885503?
False
Is 19 a factor of 35178063?
True
Is 4303 a factor of 1080074515?
True
Does 2111 divide 85794588?
False
Is 2 a factor of 223785293?
False
Is 1589683095 a multiple of 11?
True
Is 185111483 a multiple of 431?
True
Is 65309789 a multiple of 41?
False
Does 351 divide 62001003?
False
Does 84 divide 219461004?
True
Is 3765000000 a multiple of 5000?
True
Is 532863951 a multiple of 137?
False
Is 8 a factor of 2326688578?
False
Is 425 a factor of 124043475?
True
Is 1469366742 a multiple of 229?
False
Is 163 a factor of 5692619661?
True
Is 10 a factor of 2630145?
False
Is 606904111 a multiple of 7911?
False
Is 40553532 a multiple of 708?
True
Is 1423 a factor of 17890?
False
Is 424569202 a multiple of 895?
False
Is 48 a factor of 76541376?
True
Is 493885056 a multiple of 168?
True
Does 187 divide 19741590?
True
Is 33110747 a multiple of 17?
True
Is 19180226 a multiple of 241?
True
Is 568944075 a multiple of 95?
True
Is 3 a factor of 76486777?
False
Does 2 divide 35632190?
True
Is 75 a factor of 1808325?
True
Is 794251831 a multiple of 2437?
False
Is 354 a factor of 37842449?
False
Is 137 a factor of 29733247?
True
Is 1951084278 a multiple of 429?
True
Does 46 divide 5290?
True
Is 213097800 a multiple of 232?
True
Does 33 divide 279765776?
False
Is 69 a factor of 2226731373?
False
Is 3196 a factor of 2940076?
False
Is 407902000 a multiple of 1375?
True
Is 984059106 a multiple of 95?
False
Does 15 divide 191266715?
False
Does 13 divide 27402158?
False
Does 2179 divide 12535787?
True
Is 17734426 a multiple of 1658?
False
Does 280 divide 2812320?
True
Is 6069 a factor of 4078160074?
False
Is 510 a factor of 351634174?
False
Does 785 divide 4091607615?
True
Is 45064602 a multiple of 19?
False
Does 1715 divide 193030072?
False
Is 77 a factor of 18293044?
True
Is 900993854 a multiple of 17?
False
Is 8979060 a multiple of 14?
False
Is 5420 a factor of 20129880?
True
Does 4 divide 20007510?
False
Is 10769010 a multiple of 114?
True
Is 545 a factor of 20469655?
True
Does 91 divide 36247538?
False
Is 3 a factor of 303033754?
False
Is 212143165 a multiple of 169?
True
Does 442 divide 27486757?
False
Does 186 divide 717432506?
False
Is 15 a factor of 58258755?
True
Is 90911312 a multiple of 205?
False
Does 364 divide 34027812?
True
Is 42984874 a multiple of 602?
False
Is 9280006 a multiple of 275?
False
Is 40617693 a multiple of 221?
False
Is 2707 a factor of 2497629792?
True
Is 26 a factor of 52906750?
True
Is 618775 a multiple of 3?
False
Is 355 a factor of 1280082785?
True
Is 9269065 a multiple of 125?
False
Does 50 divide 4783259?
False
Does 909 divide 97077442?
False
Is 561266050 a multiple of 25?
True
Is 79395213 a multiple of 118?
False
Does 1584 divide 109102752?
True
Does 742 divide 2724276631?
False
Is 86454200 a multiple of 259?
True
Does 18 divide 45368118?
True
Does 3452 divide 27588384?
True
Is 8827941 a multiple of 342?
False
Is 1364467 a multiple of 13?
True
Is 22087296 a multiple of 24?
True
Is 462 a factor of 30285486?
True
Is 228 a factor of 183310558?
False
Is 452343133 a multiple of 2902?
False
Does 17 divide 13894701?
False
Is 6 a factor of 17371986?
True
Is 338 a factor of 995410?
True
Is 14 a factor of 501295620?
True
Is 354 a factor of 2515599859?
False
Is 183 a factor of 824809619?
False
Is 312991080 a multiple of 408?
True
Is 9 a factor of 4357257?
False
Does 160 divide 171036964?
False
Is 1876 a factor of 3254357?
False
Is 32 a factor of 21781478?
False
Is 21 a factor of 110921465?
False
Is 137 a factor of 40737635?
True
Is 13 a factor of 2408934188?
False
Does 2823 divide 105736511?
False
Is 45 a factor of 27763830?
True
Is 15 a factor of 88906245?
True
Does 312 divide 192224760?
True
Is 2476074 a multiple of 563?
True
Does 1361 divide 916055705?
False
Is 2263 a factor of 46938138?
False
Does 15 divide 85074930?
True
Is 18 a factor of 409332286?
False
Is 85 a factor of 54236093?
False
Is 444673234 a multiple of 43?
True
Is 19450706 a multiple of 1247?
True
Does 1436 divide 193815194?
False
Is 7 a factor of 43245209?
True
Is 66770659 a multiple of 35?
False
Is 751406038 a multiple of 1426?
False
Is 73370038 a multiple of 7?
True
Is 42 a factor of 610716960?
True
Does 10 divide 38690927?
False
Is 379760 a multiple of 16?
True
Is 1031 a factor of 34525843?
False
Is 19 a factor of 484259102?
False
Is 57374681 a multiple of 13?
True
Does 5 divide 31304710?
True
Does 23 divide 390875505?
False
Is 1429691696 a multiple of 29?
False
Is 1289573740 a multiple of 377?
True
Is 79278928 a multiple of 1786?
False
Does 29 divide 1620752?
True
Is 28 a factor of 316784048?
True
Is 9 a factor of 142743672?
True
Is 44482971 a multiple of 17?
False
Is 1053 a factor of 910155045?
False
Is 46 a factor of 20080104?
True
Is 84956460 a multiple of 20?
True
Is 68 a factor of 1826490472?
True
Is 261 a factor of 219507522?
False
Is 126895704 a multiple of 13?
True
Does 64 divide 2223424?
True
Is 49 a factor of 92728033?
False
Does 201 divide 46238241?
True
Is 152710950 a multiple of 6?
True
Is 1924955 a multiple of 4?
False
Is 38412790 a multiple of 26?
True
Does 4736 divide 118250415?
False
Is 8 a factor of 54437296?
True
Is 698 a factor of 23327160?
True
Is 52911408 a multiple of 4048?
True
Is 167 a factor of 920747987?
True
Is 29 a factor of 10852844?
True
Does 110 divide 154217782?
False
Does